8)?
11
Let s(f) = 906202*f + 7249609. Give s(-8).
-7
Let t(i) = -i**3 + 7*i**2 - 29974*i + 239736. Determine t(8).
-120
Let x(w) = 18*w**3 - 2490*w**2 + 829*w - 144. Calculate x(138).
-6
Let a(v) = 7*v**2 - 3476*v + 48603. What is a(14)?
1311
Let y(q) = 40*q**2 - 962*q + 304. What is y(25)?
1254
Let t(l) = 3*l**2 - 331*l + 5885. Give t(22).
55
Let o(t) = -21*t**2 + 9136*t + 45757. What is o(440)?
-3
Let f(d) = 323*d**2 - 21752*d + 28643. Determine f(66).
-1
Let p(i) = i**2 + 4033*i - 56641. What is p(14)?
17
Let c(o) = -231*o**2 + 224*o + 2. Calculate c(1).
-5
Let g(f) = -32070*f + 160307. Give g(5).
-43
Let c(a) = 8*a**3 - 1013*a**2 - 1423*a + 1906. What is c(128)?
-14
Let i(r) = 9*r**2 - 795*r - 26751. Give i(-26).
3
Let g(k) = 30*k**3 + 17*k**2 - 182*k - 5. What is g(-6)?
-4781
Let y(j) = 47*j**2 - 218*j + 43. Calculate y(7).
820
Let s(i) = -15*i**2 + 874*i + 663. Give s(59).
14
Let t(b) = -37520*b - 187602. Determine t(-5).
-2
Let x(q) = -q**3 + 5*q**2 - 124*q + 963. Determine x(7).
-3
Let c(k) = 12471*k + 473968. Determine c(-38).
70
Let q(d) = -3*d**2 - 500*d + 865. Give q(-168).
193
Let a(v) = -2*v**3 - 61*v**2 + 4229*v + 130133. Give a(-31).
-5
Let i(v) = 9750*v - 1023750. What is i(105)?
0
Let o(x) = 3*x**3 - 38*x**2 + 1187*x + 2519. Calculate o(-2).
-31
Let d(w) = -w**2 + 34772*w - 2048069. Calculate d(59).
-2
Let c(d) = -25*d**2 - 92*d + 2592. Determine c(0).
2592
Let j(y) = -y**2 + 91*y - 2001. Calculate j(35).
-41
Let g(s) = -9*s**2 - 6698*s + 13434. Determine g(2).
2
Let m(b) = -19*b**2 - 560*b - 1248. What is m(-27)?
21
Let g(d) = 10*d**2 - 68*d - 560. Give g(-10).
1120
Let s(o) = 2*o**2 + 1485*o + 198588. Calculate s(-175).
-37
Let x(w) = 22518*w + 269514. What is x(-12)?
-702
Let i(a) = 77981*a - 156025. Determine i(2).
-63
Let y(t) = 4*t**3 - 118*t**2 - 171*t + 3338. What is y(30)?
8
Let a(m) = -5*m**3 - 402*m**2 - 155*m - 129. Calculate a(-80).
-529
Let r(k) = -k**3 + 102*k**2 - 405*k + 20530. Give r(100).
30
Let j(h) = -155*h - 28736. Calculate j(-186).
94
Let a(h) = 520*h**2 - 9891*h + 76. Calculate a(19).
-133
Let a(j) = -j**2 + 2626*j - 118707. Give a(46).
-27
Let f(i) = -1317*i**3 + 7878*i**2 + 137*i + 37. What is f(6)?
-5
Let j(q) = 19512*q - 117089. What is j(6)?
-17
Let v(t) = 2371*t - 2396. Determine v(1).
-25
Let j(k) = -92*k - 10529. What is j(-114)?
-41
Let d(q) = 3321*q**2 + 86346*q + 8. Give d(-26).
8
Let m(n) = -n**3 - 107*n**2 - 2533*n - 21133. What is m(-78)?
5
Let w(k) = 11*k**3 - 3*k**2 - 476*k + 3359. Determine w(7).
3653
Let q(k) = -7*k**3 + 403*k**2 + 15539*k + 88. What is q(84)?
4
Let a(k) = 10*k**2 - 97*k + 610. Calculate a(11).
753
Let g(w) = -2*w**3 - 55*w**2 + 212*w + 153. Give g(-31).
308
Let v(k) = -4*k**3 + 120*k**2 - 76*k + 1054. Determine v(31).
-5146
Let o(r) = 16*r**2 + 474*r - 1592. What is o(3)?
-26
Let k(z) = -7051*z - 380806. Determine k(-54).
-52
Let g(o) = 2*o**3 + o**2 - 6*o + 265. Give g(7).
958
Let o(k) = 5888*k - 5827. Give o(1).
61
Let s(x) = -x**3 + 2*x**2 + 3*x + 15. Calculate s(8).
-345
Let v(g) = g**2 - 1826*g - 450080. Determine v(-220).
40
Let q(t) = -13*t**2 + 1905*t - 4679. Give q(144).
73
Let g(n) = -n**3 - 250*n**2 - 10*n - 2582. Give g(-250).
-82
Let r(o) = -605*o + 17146. What is r(26)?
1416
Let q(w) = 2701*w + 8638. Determine q(-4).
-2166
Let y(f) = 2010*f + 30100. Determine y(-15).
-50
Let b(i) = -916*i - 41418. Determine b(-45).
-198
Let m(y) = -3623*y + 2134. Determine m(1).
-1489
Let w(m) = -207*m**2 - 789*m + 51. Give w(-4).
-105
Let b(z) = 253841*z + 10661323. Determine b(-42).
1
Let v(p) = 3*p**3 + 19*p**2 + 15*p - 223. Determine v(4).
333
Let n(r) = -327*r**2 - 14702*r + 566. Determine n(-45).
-19
Let b(l) = l**2 - 32*l - 25300. What is b(176)?
44
Let w(m) = -12887*m - 5670246. Calculate w(-440).
34
Let a(s) = -s**3 + 23*s**2 + 38*s - 621. Determine a(17).
1759
Let d(m) = -22*m**2 + 24*m - 65. Give d(-5).
-735
Let p(y) = 28*y**3 - 55*y**2 + 353*y - 702. Determine p(2).
8
Let y(s) = -2009*s - 50184. What is y(-25)?
41
Let m(v) = 13972*v - 307381. Give m(22).
3
Let y(c) = -2*c**2 + 10*c + 476. What is y(27)?
-712
Let d(t) = -665*t - 10197. What is d(-18)?
1773
Let k(b) = -434889*b - 434897. Determine k(-1).
-8
Let u(g) = -g**3 - 72*g**2 - 544*g - 39158. Determine u(-72).
10
Let c(w) = -28*w**3 - 193*w**2 + 43*w + 38. Determine c(-6).
-1120
Let j(p) = 22*p**3 + 9*p**2 - 12*p + 42. Give j(2).
230
Let t(u) = 11*u**3 - 318*u**2 + 2444*u - 71714. Determine t(29).
3
Let b(x) = -46*x**2 + 551*x - 45. Give b(14).
-1347
Let u(k) = -62*k**2 - 1261*k - 6313. Calculate u(-9).
14
Let o(r) = -49*r**2 + 1223*r + 7323. Give o(-5).
-17
Let m(i) = 7*i**2 + 896*i + 10455. Calculate m(-13).
-10
Let r(m) = m**3 + m**2 + 396*m + 798. Calculate r(-2).
2
Let k(m) = -16098*m + 305832. Determine k(19).
-30
Let d(k) = -4*k**3 - 21*k**2 + 187*k - 30. Calculate d(-10).
0
Let n(v) = 16*v**2 - 800*v + 4225. Give n(44).
1
Let j(v) = -6491*v + 58411. Give j(9).
-8
Let y(j) = 725*j + 81152. What is y(-112)?
-48
Let a(b) = b**2 + 18550*b + 166861. Give a(-9).
-8
Let v(a) = 3*a**2 - 80*a - 32108. Give v(-91).
15
Let p(h) = -147*h**2 + 41161*h - 280. Give p(280).
0
Let y(q) = -q**2 + 25609*q - 76823. Calculate y(3).
-5
Let z(q) = -2*q**2 + 213*q + 1544. Give z(105).
1859
Let l(t) = 7249*t + 471016. Calculate l(-65).
-169
Let k(u) = 4*u**2 + 13512*u - 491617. Give k(36).
-1
Let n(k) = 1251*k + 1438656. Calculate n(-1150).
6
Let l(t) = 2*t**2 - 115*t - 100803. What is l(255)?
-78
Let a(m) = 15754*m - 47251. Determine a(3).
11
Let d(v) = -1952*v - 181492. What is d(-93)?
44
Let m(d) = 2703*d - 892. What is m(0)?
-892
Let m(r) = 60*r**3 - 2*r**2 - 4*r. What is m(-1)?
-58
Let j(t) = 121912*t + 243653. Determine j(-2).
-171
Let i(h) = 7*h**3 - 15*h**2 + 20*h + 35. What is i(4)?
323
Let k(d) = -d**2 + 41926*d + 377426. What is k(-9)?
11
Let l(x) = -19851*x - 833749. Calculate l(-42).
-7
Let q(g) = 2*g**2 - 1496*g + 52612. Calculate q(37).
-2
Let y(f) = -7*f**2 + 184*f - 402. Give y(23).
127
Let f(p) = 39*p**2 - 726*p - 5. Give f(19).
280
Let p(s) = -765*s**2 - 19854*s + 929. Give p(-26).
-7
Let v(d) = -1380*d - 27646. What is v(-20)?
-46
Let o(u) = 5*u**3 - 392*u**2 - 641*u - 133. What is o(80)?
-213
Let o(h) = 37*h**2 - 967*h + 168. What is o(26)?
38
Let v(x) = -209*x**2 + 261873*x + 5035. Give v(1253).
23
Let q(o) = 7209*o + 44599. Calculate q(-6).
1345
Let y(w) = 104*w**2 + 79*w - 161. Calculate y(2).
413
Let v(l) = -6*l**3 - 787*l**2 - 3810*l + 19. What is v(-5)?
144
Let m(w) = -841*w**3 - 3*w**2 + 34*w + 36. Calculate m(-1).
840
Let j(l) = -5*l**3 + 16*l**2 + 312*l + 549. Give j(-2).
29
Let h(f) = -244010*f - 1220029. What is h(-5)?
21
Let n(r) = -15*r**2 + 2057*r - 345. What is n(137)?
-71
Let r(b) = -17*b**3 - 412*b**2 - 1911*b + 178. What is r(-18)?
232
Let r(a) = -322*a + 37046. Determine r(115).
16
Let f(x) = -x**2 + 1051*x - 27056. Calculate f(27).
592
Let i(d) = 6*d**2 - 1935*d - 18927. What is i(332)?
-3
Let u(w) = 44*w**2 + 137*w - 260. Determine u(2).
190
Let n(c) = -c**2 + 720*c - 26580. Give n(39).
-21
Let v(z) = -16*z**3 + 198*z**2 + 634*z + 40. Calculate v(-3).
352
Let k(y) = 152*y**2 + 277*y + 35. Give k(0).
35
Let t(o) = 91*o**2 - 648*o - 2589. Determine t(-4).
1459
Let a(u) = 5*u**3 - 3*u**2 - 2356*u + 4721. What is a(2)?
37
Let t(d) = 4*d**2 - 529*d - 15036. What is t(-24)?
-36
Let p(a) = -12*a**2 + 405*a + 96. Calculate p(32).
768
Let w(a) = -a**3 - 44*a**2 + 1114*a - 110. What is w(-62)?
14
Let u(m) = -m**2 - 239*m + 23340. Give u(-313).
178
Let t(v) = 20*v**2 - 179*v - 934. Give t(-5).
461
Let w(y) = y**2 - 2923*y + 293219. What is w(104)?
43
Let v(o) = -6*o**2 + 30885*o + 309438. Give v(-10).
-12
Let m(z) = -6410*z + 70550. Determine m(11).
40
Let c(t) = 2*t**2 + 847*t + 87848. Give c(-181).
63
Let d(z) = 6*z**2 + 905*z + 27419. What is d(-42)?
-7
Let j(a) = 2*a**3 + 28*a**2 - 17940*a - 35969. Give j(-2).
7
Let d(o) = 3779*o - 422821. Calculate d(112).
427
Let r(z) = -5255*z - 52508. Determine r(-10).
42
Let a(h) = 365*h + 2260. Give a(-6).
70
Let i(j) = -j**3 - 30*j**2 - 371*j - 9905. What is i(-29)?
13
Let z(b) = -15*b**2 - 688*b + 10552. What is z(-58)?
-4
Let f(v) = 11355*v + 3179395. What is f(-280)?
-5
Let v(i) = -i**3 + 2*i**2 - 108*i + 16. Give v(8).
-1232
Let g(n) 